87966
In base 11, what is 12396a1 - 13?
1239689
In base 2, what is -1000010011000 + -1011000010100?
-10011010101100
In base 9, what is 1025 - 8052?
-7026
In base 16, what is -4cb4 - -3fc?
-48b8
In base 15, what is 44b0ae1 + -3?
44b0add
In base 14, what is -118597 + -92?
-118649
In base 4, what is -3 - 30330101200?
-30330101203
In base 8, what is -5 - -65765220?
65765213
In base 14, what is 5 - -a85c7d?
a85c84
In base 14, what is -2 - 84b93ab?
-84b93ad
In base 12, what is -359 - 2b624?
-2b981
In base 8, what is 251 - 120573?
-120322
In base 6, what is -10 - 4534214335?
-4534214345
In base 11, what is 52248073 - -3?
52248076
In base 4, what is -122121033 - -1301131?
-120213302
In base 3, what is -1 - 122010101121022122?
-122010101121022200
In base 12, what is -345 - 2b1a68?
-2b21b1
In base 4, what is -31 - 2202233221?
-2202233312
In base 9, what is -4 + -21531076?
-21531081
In base 7, what is 40 - 36343402?
-36343332
In base 3, what is -202211002210010220 - 10?
-202211002210011000
In base 11, what is a38 - -227865?
2287a2
In base 9, what is -105321 + -10455?
-115776
In base 11, what is -151658 + 490?
-151178
In base 9, what is -614347 - 138?
-614486
In base 13, what is -1 + -764337?
-764338
In base 4, what is -1311013111 - 12?
-1311013123
In base 2, what is -1100101000001111010100100 + -110?
-1100101000001111010101010
In base 16, what is -75ed1b + -4?
-75ed1f
In base 9, what is 14645 + -3385?
11250
In base 9, what is 10514 + 21128?
31643
In base 7, what is -2 - -4520615?
4520613
In base 15, what is 3 + -3cec49?
-3cec46
In base 9, what is -120704 + 144?
-120550
In base 4, what is 110301321232 + -20?
110301321212
In base 14, what is 1079d4 - -16b?
107b61
In base 4, what is -1012002 + 130003?
-221333
In base 10, what is -2204280 - 1?
-2204281
In base 6, what is 2351200 + -3?
2351153
In base 7, what is -3101 + -44364?
-50465
In base 2, what is -1101000111001000 - 1001010011?
-1101010000011011
In base 9, what is -437313 - -85?
-437217
In base 15, what is -702 - 44d5?
-4bd7
In base 2, what is -1000101010110010 - -10100101110000?
-110000101000010
In base 5, what is -2 + -10113421201?
-10113421203
In base 14, what is 8 - -5468b5?
5468bd
In base 16, what is -6 - 184281?
-184287
In base 16, what is -25ad - 9b0?
-2f5d
In base 7, what is 1064555 + 22?
1064610
In base 12, what is 2 - 18b81a50?
-18b81a4a
In base 15, what is 2 - aa36e53?
-aa36e51
In base 7, what is -104011002 - 335?
-104011340
In base 6, what is 40 - 11025212?
-11025132
In base 15, what is -20d + 8a23?
8815
In base 13, what is 10b7 + -92a39?
-91952
In base 7, what is 102420 - 154?
102233
In base 10, what is 20867878 - -3?
20867881
In base 12, what is 6 + -4382295?
-438228b
In base 10, what is 3 - 36919429?
-36919426
In base 16, what is 12c17f + -9?
12c176
In base 8, what is 7074424140 + 2?
7074424142
In base 3, what is -11212211210 + -10012?
-11212221222
In base 8, what is -10 + 377461?
377451
In base 3, what is -12 - -1011120002011?
1011120001222
In base 16, what is -f8 - 9b10?
-9c08
In base 15, what is 0 - 5379d01?
-5379d01
In base 6, what is 43242120103 + -5?
43242120054
In base 7, what is 303411 + 31430?
335141
In base 10, what is 2339458 - 75?
2339383
In base 6, what is 12 + -122221234?
-122221222
In base 5, what is -11241200 - -1032?
-11240113
In base 12, what is -3a488 + -191a?
-401a6
In base 15, what is -296d08 + -3?
-296d0b
In base 12, what is -2 + 6767183?
6767181
In base 3, what is 1102 + 210011200210?
210011202012
In base 4, what is 31232013113023 - 3?
31232013113020
In base 2, what is 110001111001 + 1001000101110000100?
1001001011111111101
In base 10, what is 2018245 + 3?
2018248
In base 12, what is 2b06b + 471?
2b520
In base 14, what is -3544a - -4b?
-353dd
In base 5, what is -10442003 - 1330?
-10443333
In base 16, what is 5 + -47ae2d?
-47ae28
In base 14, what is 4 + 3276b23?
3276b27
In base 5, what is 44002343 + 331?
44003224
In base 4, what is 220011203 - -1201?
220013010
In base 8, what is -44636 - 2557?
-47415
In base 12, what is -3 + 15019016?
15019013
In base 7, what is 14636 - 23342?
-5403
In base 14, what is -127 - -10d60a?
10d4c3
In base 6, what is -2 - 425114542?
-425114544
In base 11, what is -44037431 - 1?
-44037432
In base 13, what is 100 + -10602?
-10502
In base 13, what is 1c - 21c5?
-21a6
In base 11, what is -92092474 - -3?
-92092471
In base 14, what is 138a - -159d?
2949
In base 6, what is 3353205 - 43531?
3305234
In base 6, what is 2251 - 25541?
-23250
In base 13, what is 4 + -233b0745?
-233b0741
In base 11, what is -20346737 + 2?
-20346735
In base 11, what is -367 + 685a2?
68236
In base 5, what is -40 + 200131211331?
200131211241
In base 8, what is 113 + 600620?
600733
In base 8, what is -6 + -341564?
-341572
In base 15, what is d5 + 4226a?
42350
In base 15, what is -5 - -19e78b3?
19e78ad
In base 11, what is -1 - -4280373?
4280372
In base 15, what is 1e + -9da676?
-9da657
In base 2, what is -100 + -1000000111110010100000?
-1000000111110010100100
In base 9, what is -5 + 43630528?
43630523
In base 5, what is -33021 - -304013?
220442
In base 3, what is 200 - -2122111120200?
2122111121100
In base 14, what is 12aab9 - -1a5?
12ac80
In base 8, what is 7 - -34064047?
34064056
In base 9, what is 1468 - 481324?
-478745
In base 4, what is -120020030012 - -2?
-120020030010
In base 5, what is 0 + -144302110?
-144302110
In base 5, what is 40032113 - -23?
40032141
In base 13, what is 4 + -1b8181a?
-1b81816
In base 11, what is a280a375 - 0?
a280a375
In base 14, what is 3 - 983950?
-98394b
In base 8, what is -12554 - 13610?
-26364
In base 12, what is 283858ba + -4?
283858b6
In base 11, what is -313 - 21161?
-21474
In base 10, what is 5 + -148776258?
-148776253
In base 14, what is -1d72b1c - 1?
-1d72b1d
In base 10, what is -30 - -201730?
201700
In base 14, what is 61d - -8a8?
10c7
In base 13, what is -478 + -134?
-5ac
In base 6, what is -231350 + -22350?
-254140
In base 6, what is -5 - -143233523?
143233514
In base 12, what is -9 + 467b071?
467b064
In base 8, what is -4232 - -1547?
-2463
In base 5, what is 32411 - 1203233?
-1120322
In base 2, what is -110 + 111011110101110001000?
111011110101110000010
In base 15, what is -8b206 - 79?
-8b280
In base 14, what is 4 - 25525b?
-255257
In base 9, what is -228176425 + -4?
-228176430
In base 10, what is 296998 + 151?
297149
In base 8, what is -4110621 - 7?
-4110630
In base 3, what is 1 + 220001111020122?
220001111020200
In base 4, what is -20010100030 - 222?
-20010100312
In base 15, what is 0 + 1d8a78?
1d8a78
In base 2, what is 101010111101111111001111101 - -101?
101010111101111111010000010
In base 15, what is -3 - 27dd73e?
-27dd742
In base 14, what is 10da08 + -2d1?
10d717
In base 16, what is 490 - -2522c?
256bc
In base 3, what is 122201 + -121020122?
-120120221
In base 4, what is 30101 + -122313330?
-122223223
In base 13, what is -178 + 47c569?
47c3c1
In base 15, what is -9d38e - -c0b?
-9c683
In base 10, what is -3 + -51976461?
-51976464
In base 9, what is -7 + 1226412?
1226404
In base 15, what is 29 - -4545e?
45488
In base 11, what is -24240593 + -a?
-242405a2
In base 2, what is -11100101010010 + 1100001011?
-11011001000111
In base 8, what is 230266321 + -4?
230266315
In base 10, what is 80 - -558390?
558470
In base 12, what is -156847 - -43?
-156804
In base 12, what is 525a071 - -3?
525a074
In base 2, what is 11 - 101101110011010001000011?
-101101110011010001000000
In base 10, what is 1399 - 30989?
-29590
In base 2, what is -1010100001110111 - 10111011000110?
-1101011100111101
In base 11, what is 23a16 - -391?
242a7
In base 2, what is -101011 - 10101100011001010111110?
-10101100011001011101001
In base 6, what is -112413 + 35143?
-33230
In base 2, what is -111 - -10011111100011100011100?
10011111100011100010101
In base 5, what is 1213003 - 323132?
334321
In base 4, what is 300 + -21232220?
-21231320
In base 7, what is -101014 - -6040?
-61644
In base 9, what is 4207 - 1607?
2500
In base 9, what is -121 - 7604266?
-7604387
In base 16, what is 9fe - 5da?
424
In base 6, what is -421 + -50152542?
-50153403
In base 5, what is -120 + 11101304?
11101134
In base 4, what is -12 + 122131331130?
122131331112
In base 14, what is 2556 + -a6?
2490
In base 10, what is 14 - -2386822?
2386836
In base 11, what is -15 + 218386?
218371
In base 4, wh